{"id":10222,"date":"2025-06-30T13:32:07","date_gmt":"2025-06-30T13:32:07","guid":{"rendered":"https:\/\/eurovanilleinstit.arobases.fr\/?page_id=10222"},"modified":"2026-01-20T08:48:48","modified_gmt":"2026-01-20T08:48:48","slug":"recettes-speciales-eurovanille","status":"publish","type":"page","link":"https:\/\/eurovanille.com\/en\/recettes-speciales-eurovanille\/","title":{"rendered":"Page Nos Recettes Eurovanille"},"content":{"rendered":"<div data-elementor-type=\"wp-page\" data-elementor-id=\"10222\" class=\"elementor elementor-10222\" data-elementor-post-type=\"page\">\n\t\t\t\t<div class=\"elementor-element elementor-element-ead9f52 e-flex e-con-boxed wpr-particle-no wpr-jarallax-no wpr-parallax-no wpr-sticky-section-no wpr-equal-height-no e-con e-parent\" data-id=\"ead9f52\" data-element_type=\"container\" data-e-type=\"container\">\n\t\t\t\t\t<div class=\"e-con-inner\">\n\t\t\t\t<div class=\"elementor-element elementor-element-d8b36e4 elementor-widget elementor-widget-heading\" data-id=\"d8b36e4\" data-element_type=\"widget\" data-e-type=\"widget\" data-widget_type=\"heading.default\">\n\t\t\t\t<div class=\"elementor-widget-container\">\n\t\t\t\t\t<h1 class=\"elementor-heading-title elementor-size-default\">Nos Recettes Sp\u00e9ciale Eurovanille<\/h1>\t\t\t\t<\/div>\n\t\t\t\t<\/div>\n\t\t\t\t<div class=\"elementor-element elementor-element-48414b3 elementor-widget-divider--view-line elementor-widget elementor-widget-divider\" data-id=\"48414b3\" data-element_type=\"widget\" data-e-type=\"widget\" data-widget_type=\"divider.default\">\n\t\t\t\t<div class=\"elementor-widget-container\">\n\t\t\t\t\t\t\t<div class=\"elementor-divider\">\n\t\t\t<span class=\"elementor-divider-separator\">\n\t\t\t\t\t\t<\/span>\n\t\t<\/div>\n\t\t\t\t\t\t<\/div>\n\t\t\t\t<\/div>\n\t\t\t\t<div class=\"elementor-element elementor-element-5e87f5f elementor-widget__width-initial elementor-widget elementor-widget-text-editor\" data-id=\"5e87f5f\" data-element_type=\"widget\" data-e-type=\"widget\" data-widget_type=\"text-editor.default\">\n\t\t\t\t<div class=\"elementor-widget-container\">\n\t\t\t\t\t\t\t\t\t<p>Bienvenue sur notre page d\u00e9di\u00e9e aux <strong data-start=\"248\" data-end=\"282\">recettes sp\u00e9ciales Eurovanille<\/strong>.<\/p><p>Vous y d\u00e9couvrirez une s\u00e9lection gourmande de cr\u00e9ations sucr\u00e9es, con\u00e7ues pour sublimer la <strong data-start=\"384\" data-end=\"395\">vanille<\/strong> sous toutes ses formes \u2014 gousses, extrait, poudre, p\u00e2te \u2014 ainsi que d\u2019autres <strong data-start=\"475\" data-end=\"521\">ingr\u00e9dients d\u2019exception sign\u00e9s Eurovanille<\/strong>.<\/p><p>Chaque recette met en valeur la qualit\u00e9 unique de nos produits, pens\u00e9s pour les passionn\u00e9s de cuisine comme pour les professionnels exigeants. Inspirez-vous et donnez \u00e0 vos cr\u00e9ations une touche authentique, naturelle\u2026 et r\u00e9solument vanill\u00e9e.<\/p>\t\t\t\t\t\t\t\t<\/div>\n\t\t\t\t<\/div>\n\t\t\t\t\t<\/div>\n\t\t\t\t<\/div>\n\t\t<div class=\"elementor-element elementor-element-0848bf2 e-flex e-con-boxed wpr-particle-no wpr-jarallax-no wpr-parallax-no wpr-sticky-section-no wpr-equal-height-no e-con e-parent\" data-id=\"0848bf2\" data-element_type=\"container\" data-e-type=\"container\">\n\t\t\t\t\t<div class=\"e-con-inner\">\n\t\t\t\t<div class=\"elementor-element elementor-element-75e9f88 elementor-widget elementor-widget-wpr-magazine-grid\" data-id=\"75e9f88\" data-element_type=\"widget\" data-e-type=\"widget\" data-widget_type=\"wpr-magazine-grid.default\">\n\t\t\t\t<div class=\"elementor-widget-container\">\n\t\t\t\t\t<div class=\"wpr-magazine-grid-wrap\"  data-slide-effect=\"\"><section class=\"wpr-magazine-grid wpr-mgzn-grid-2-3 wpr-mgzn-grid-rows-1\"><h2>No Posts Found!<\/h2><\/section><\/div>\t\t\t\t<\/div>\n\t\t\t\t<\/div>\n\t\t\t\t\t<\/div>\n\t\t\t\t<\/div>\n\t\t<div class=\"elementor-element elementor-element-8545318 e-flex e-con-boxed wpr-particle-no wpr-jarallax-no wpr-parallax-no wpr-sticky-section-no wpr-equal-height-no e-con e-parent\" data-id=\"8545318\" data-element_type=\"container\" data-e-type=\"container\">\n\t\t\t\t\t<div class=\"e-con-inner\">\n\t\t\t\t<div class=\"elementor-element elementor-element-8d0bc5f elementor-widget elementor-widget-wpr-magazine-grid\" data-id=\"8d0bc5f\" data-element_type=\"widget\" data-e-type=\"widget\" data-widget_type=\"wpr-magazine-grid.default\">\n\t\t\t\t<div class=\"elementor-widget-container\">\n\t\t\t\t\t<div class=\"wpr-magazine-grid-wrap\"  data-slide-effect=\"\"><section class=\"wpr-magazine-grid wpr-mgzn-grid-2-3 wpr-mgzn-grid-rows-1\"><h2>No Posts Found!<\/h2><\/section><\/div>\t\t\t\t<\/div>\n\t\t\t\t<\/div>\n\t\t\t\t\t<\/div>\n\t\t\t\t<\/div>\n\t\t\t\t<\/div>","protected":false},"excerpt":{"rendered":"<p>Nos Recettes Sp\u00e9ciale Eurovanille Bienvenue sur notre page d\u00e9di\u00e9e aux recettes sp\u00e9ciales Eurovanille. Vous y d\u00e9couvrirez une s\u00e9lection gourmande de cr\u00e9ations sucr\u00e9es, con\u00e7ues pour sublimer la vanille sous toutes ses formes \u2014 gousses, extrait, poudre, p\u00e2te \u2014 ainsi que d\u2019autres ingr\u00e9dients d\u2019exception sign\u00e9s Eurovanille. Chaque recette met en valeur la qualit\u00e9 unique de nos produits, pens\u00e9s pour les passionn\u00e9s de cuisine comme pour les professionnels exigeants. Inspirez-vous et donnez \u00e0 vos cr\u00e9ations une touche authentique, naturelle\u2026 et r\u00e9solument vanill\u00e9e. Tarte Vanille et Pralin\u00e9 Amande \u00e0 l\u2019Huile d\u2019Olive Recette Merveilleux pistache chocolat Flan \u00e0 la Vanille Eurovanille Entremet Cookies, Tonka et Vanille Cr\u00e8me brul\u00e9e Cheesecake aux Fruits Exotiques : Un Dessert Gourmand et Frais<\/p>","protected":false},"author":3,"featured_media":0,"parent":0,"menu_order":0,"comment_status":"closed","ping_status":"closed","template":"elementor_header_footer","meta":{"footnotes":""},"class_list":["post-10222","page","type-page","status-publish","hentry","entry"],"yoast_head":"<!-- This site is optimized with the Yoast SEO plugin v27.4 - https:\/\/yoast.com\/product\/yoast-seo-wordpress\/ -->\n<title>Recettes Sp\u00e9ciales Eurovanille<\/title>\n<meta name=\"description\" content=\"D\u00e9couvrez nos recettes exclusives Eurovanille : des cr\u00e9ations gourmandes mettant en valeur la vanille sous toutes ses formes !\" \/>\n<meta name=\"robots\" content=\"index, follow, max-snippet:-1, max-image-preview:large, max-video-preview:-1\" \/>\n<link rel=\"canonical\" href=\"https:\/\/eurovanille.com\/en\/recettes-speciales-eurovanille\/\" \/>\n<meta property=\"og:locale\" content=\"en_GB\" \/>\n<meta property=\"og:type\" content=\"article\" \/>\n<meta property=\"og:title\" content=\"Recettes Sp\u00e9ciales Eurovanille\" \/>\n<meta property=\"og:description\" content=\"D\u00e9couvrez nos recettes exclusives Eurovanille : des cr\u00e9ations gourmandes mettant en valeur la vanille sous toutes ses formes !\" \/>\n<meta property=\"og:url\" content=\"https:\/\/eurovanille.com\/en\/recettes-speciales-eurovanille\/\" \/>\n<meta property=\"og:site_name\" content=\"Eurovanille\" \/>\n<meta property=\"article:modified_time\" content=\"2026-01-20T08:48:48+00:00\" \/>\n<meta name=\"twitter:card\" content=\"summary_large_image\" \/>\n<meta name=\"twitter:label1\" content=\"Estimated reading time\" \/>\n\t<meta name=\"twitter:data1\" content=\"1 minute\" \/>\n<script type=\"application\/ld+json\" class=\"yoast-schema-graph\">{\"@context\":\"https:\\\/\\\/schema.org\",\"@graph\":[{\"@type\":\"WebPage\",\"@id\":\"https:\\\/\\\/eurovanille.com\\\/recettes-speciales-eurovanille\\\/\",\"url\":\"https:\\\/\\\/eurovanille.com\\\/recettes-speciales-eurovanille\\\/\",\"name\":\"Recettes Sp\u00e9ciales Eurovanille\",\"isPartOf\":{\"@id\":\"https:\\\/\\\/www.eurovanille.com\\\/#website\"},\"datePublished\":\"2025-06-30T13:32:07+00:00\",\"dateModified\":\"2026-01-20T08:48:48+00:00\",\"description\":\"D\u00e9couvrez nos recettes exclusives Eurovanille : des cr\u00e9ations gourmandes mettant en valeur la vanille sous toutes ses formes !\",\"breadcrumb\":{\"@id\":\"https:\\\/\\\/eurovanille.com\\\/recettes-speciales-eurovanille\\\/#breadcrumb\"},\"inLanguage\":\"en-GB\",\"potentialAction\":[{\"@type\":\"ReadAction\",\"target\":[\"https:\\\/\\\/eurovanille.com\\\/recettes-speciales-eurovanille\\\/\"]}]},{\"@type\":\"BreadcrumbList\",\"@id\":\"https:\\\/\\\/eurovanille.com\\\/recettes-speciales-eurovanille\\\/#breadcrumb\",\"itemListElement\":[{\"@type\":\"ListItem\",\"position\":1,\"name\":\"Accueil\",\"item\":\"https:\\\/\\\/www.eurovanille.com\\\/\"},{\"@type\":\"ListItem\",\"position\":2,\"name\":\"Page Nos Recettes Eurovanille\"}]},{\"@type\":\"WebSite\",\"@id\":\"https:\\\/\\\/www.eurovanille.com\\\/#website\",\"url\":\"https:\\\/\\\/www.eurovanille.com\\\/\",\"name\":\"Eurovanille\",\"description\":\"\",\"publisher\":{\"@id\":\"https:\\\/\\\/www.eurovanille.com\\\/#organization\"},\"potentialAction\":[{\"@type\":\"SearchAction\",\"target\":{\"@type\":\"EntryPoint\",\"urlTemplate\":\"https:\\\/\\\/www.eurovanille.com\\\/?s={search_term_string}\"},\"query-input\":{\"@type\":\"PropertyValueSpecification\",\"valueRequired\":true,\"valueName\":\"search_term_string\"}}],\"inLanguage\":\"en-GB\"},{\"@type\":\"Organization\",\"@id\":\"https:\\\/\\\/www.eurovanille.com\\\/#organization\",\"name\":\"Eurovanille\",\"url\":\"https:\\\/\\\/www.eurovanille.com\\\/\",\"logo\":{\"@type\":\"ImageObject\",\"inLanguage\":\"en-GB\",\"@id\":\"https:\\\/\\\/www.eurovanille.com\\\/#\\\/schema\\\/logo\\\/image\\\/\",\"url\":\"\\\/wp-content\\\/uploads\\\/2025\\\/06\\\/cropped-logo.jpg\",\"contentUrl\":\"\\\/wp-content\\\/uploads\\\/2025\\\/06\\\/cropped-logo.jpg\",\"width\":512,\"height\":512,\"caption\":\"Eurovanille\"},\"image\":{\"@id\":\"https:\\\/\\\/www.eurovanille.com\\\/#\\\/schema\\\/logo\\\/image\\\/\"}}]}<\/script>\n<!-- \/ Yoast SEO plugin. -->","yoast_head_json":{"title":"Recettes Sp\u00e9ciales Eurovanille","description":"D\u00e9couvrez nos recettes exclusives Eurovanille : des cr\u00e9ations gourmandes mettant en valeur la vanille sous toutes ses formes !","robots":{"index":"index","follow":"follow","max-snippet":"max-snippet:-1","max-image-preview":"max-image-preview:large","max-video-preview":"max-video-preview:-1"},"canonical":"https:\/\/eurovanille.com\/en\/recettes-speciales-eurovanille\/","og_locale":"en_GB","og_type":"article","og_title":"Recettes Sp\u00e9ciales Eurovanille","og_description":"D\u00e9couvrez nos recettes exclusives Eurovanille : des cr\u00e9ations gourmandes mettant en valeur la vanille sous toutes ses formes !","og_url":"https:\/\/eurovanille.com\/en\/recettes-speciales-eurovanille\/","og_site_name":"Eurovanille","article_modified_time":"2026-01-20T08:48:48+00:00","twitter_card":"summary_large_image","twitter_misc":{"Estimated reading time":"1 minute"},"schema":{"@context":"https:\/\/schema.org","@graph":[{"@type":"WebPage","@id":"https:\/\/eurovanille.com\/recettes-speciales-eurovanille\/","url":"https:\/\/eurovanille.com\/recettes-speciales-eurovanille\/","name":"Recettes Sp\u00e9ciales Eurovanille","isPartOf":{"@id":"https:\/\/www.eurovanille.com\/#website"},"datePublished":"2025-06-30T13:32:07+00:00","dateModified":"2026-01-20T08:48:48+00:00","description":"D\u00e9couvrez nos recettes exclusives Eurovanille : des cr\u00e9ations gourmandes mettant en valeur la vanille sous toutes ses formes !","breadcrumb":{"@id":"https:\/\/eurovanille.com\/recettes-speciales-eurovanille\/#breadcrumb"},"inLanguage":"en-GB","potentialAction":[{"@type":"ReadAction","target":["https:\/\/eurovanille.com\/recettes-speciales-eurovanille\/"]}]},{"@type":"BreadcrumbList","@id":"https:\/\/eurovanille.com\/recettes-speciales-eurovanille\/#breadcrumb","itemListElement":[{"@type":"ListItem","position":1,"name":"Accueil","item":"https:\/\/www.eurovanille.com\/"},{"@type":"ListItem","position":2,"name":"Page Nos Recettes Eurovanille"}]},{"@type":"WebSite","@id":"https:\/\/www.eurovanille.com\/#website","url":"https:\/\/www.eurovanille.com\/","name":"Eurovanille","description":"","publisher":{"@id":"https:\/\/www.eurovanille.com\/#organization"},"potentialAction":[{"@type":"SearchAction","target":{"@type":"EntryPoint","urlTemplate":"https:\/\/www.eurovanille.com\/?s={search_term_string}"},"query-input":{"@type":"PropertyValueSpecification","valueRequired":true,"valueName":"search_term_string"}}],"inLanguage":"en-GB"},{"@type":"Organization","@id":"https:\/\/www.eurovanille.com\/#organization","name":"Eurovanille","url":"https:\/\/www.eurovanille.com\/","logo":{"@type":"ImageObject","inLanguage":"en-GB","@id":"https:\/\/www.eurovanille.com\/#\/schema\/logo\/image\/","url":"\/wp-content\/uploads\/2025\/06\/cropped-logo.jpg","contentUrl":"\/wp-content\/uploads\/2025\/06\/cropped-logo.jpg","width":512,"height":512,"caption":"Eurovanille"},"image":{"@id":"https:\/\/www.eurovanille.com\/#\/schema\/logo\/image\/"}}]}},"_links":{"self":[{"href":"https:\/\/eurovanille.com\/en\/wp-json\/wp\/v2\/pages\/10222","targetHints":{"allow":["GET"]}}],"collection":[{"href":"https:\/\/eurovanille.com\/en\/wp-json\/wp\/v2\/pages"}],"about":[{"href":"https:\/\/eurovanille.com\/en\/wp-json\/wp\/v2\/types\/page"}],"author":[{"embeddable":true,"href":"https:\/\/eurovanille.com\/en\/wp-json\/wp\/v2\/users\/3"}],"replies":[{"embeddable":true,"href":"https:\/\/eurovanille.com\/en\/wp-json\/wp\/v2\/comments?post=10222"}],"version-history":[{"count":38,"href":"https:\/\/eurovanille.com\/en\/wp-json\/wp\/v2\/pages\/10222\/revisions"}],"predecessor-version":[{"id":11295,"href":"https:\/\/eurovanille.com\/en\/wp-json\/wp\/v2\/pages\/10222\/revisions\/11295"}],"wp:attachment":[{"href":"https:\/\/eurovanille.com\/en\/wp-json\/wp\/v2\/media?parent=10222"}],"curies":[{"name":"wp","href":"https:\/\/api.w.org\/{rel}","templated":true}]}}

<div data-elementor-type="wp-page" data-elementor-id="10222" class="elementor elementor-10222" data-elementor-post-type="page">
				<div class="elementor-element elementor-element-ead9f52 e-flex e-con-boxed wpr-particle-no wpr-jarallax-no wpr-parallax-no wpr-sticky-section-no wpr-equal-height-no e-con e-parent" data-id="ead9f52" data-element_type="container" data-e-type="container">
					<div class="e-con-inner">
				<div class="elementor-element elementor-element-d8b36e4 elementor-widget elementor-widget-heading" data-id="d8b36e4" data-element_type="widget" data-e-type="widget" data-widget_type="heading.default">
				<div class="elementor-widget-container">
					<h1 class="elementor-heading-title elementor-size-default">Nos Recettes Spéciale Eurovanille</h1>				</div>
				</div>
				<div class="elementor-element elementor-element-48414b3 elementor-widget-divider--view-line elementor-widget elementor-widget-divider" data-id="48414b3" data-element_type="widget" data-e-type="widget" data-widget_type="divider.default">
				<div class="elementor-widget-container">
							<div class="elementor-divider">
			<span class="elementor-divider-separator">
						</span>
		</div>
						</div>
				</div>
				<div class="elementor-element elementor-element-5e87f5f elementor-widget__width-initial elementor-widget elementor-widget-text-editor" data-id="5e87f5f" data-element_type="widget" data-e-type="widget" data-widget_type="text-editor.default">
				<div class="elementor-widget-container">
									<p>Bienvenue sur notre page dédiée aux <strong data-start="248" data-end="282">recettes spéciales Eurovanille</strong>.</p><p>Vous y découvrirez une sélection gourmande de créations sucrées, conçues pour sublimer la <strong data-start="384" data-end="395">vanille</strong> sous toutes ses formes — gousses, extrait, poudre, pâte — ainsi que d’autres <strong data-start="475" data-end="521">ingrédients d’exception signés Eurovanille</strong>.</p><p>Chaque recette met en valeur la qualité unique de nos produits, pensés pour les passionnés de cuisine comme pour les professionnels exigeants. Inspirez-vous et donnez à vos créations une touche authentique, naturelle… et résolument vanillée.</p>								</div>
				</div>
					</div>
				</div>
		<div class="elementor-element elementor-element-0848bf2 e-flex e-con-boxed wpr-particle-no wpr-jarallax-no wpr-parallax-no wpr-sticky-section-no wpr-equal-height-no e-con e-parent" data-id="0848bf2" data-element_type="container" data-e-type="container">
					<div class="e-con-inner">
				<div class="elementor-element elementor-element-75e9f88 elementor-widget elementor-widget-wpr-magazine-grid" data-id="75e9f88" data-element_type="widget" data-e-type="widget" data-widget_type="wpr-magazine-grid.default">
				<div class="elementor-widget-container">
					<div class="wpr-magazine-grid-wrap"  data-slide-effect=""><section class="wpr-magazine-grid wpr-mgzn-grid-2-3 wpr-mgzn-grid-rows-1"><h2>No Posts Found!</h2></section></div>				</div>
				</div>
					</div>
				</div>
		<div class="elementor-element elementor-element-8545318 e-flex e-con-boxed wpr-particle-no wpr-jarallax-no wpr-parallax-no wpr-sticky-section-no wpr-equal-height-no e-con e-parent" data-id="8545318" data-element_type="container" data-e-type="container">
					<div class="e-con-inner">
				<div class="elementor-element elementor-element-8d0bc5f elementor-widget elementor-widget-wpr-magazine-grid" data-id="8d0bc5f" data-element_type="widget" data-e-type="widget" data-widget_type="wpr-magazine-grid.default">
				<div class="elementor-widget-container">
					<div class="wpr-magazine-grid-wrap"  data-slide-effect=""><section class="wpr-magazine-grid wpr-mgzn-grid-2-3 wpr-mgzn-grid-rows-1"><h2>No Posts Found!</h2></section></div>				</div>
				</div>
					</div>
				</div>
				</div>

<p>Nos Recettes Spéciale Eurovanille Bienvenue sur notre page dédiée aux recettes spéciales Eurovanille. Vous y découvrirez une sélection gourmande de créations sucrées, conçues pour sublimer la vanille sous toutes ses formes — gousses, extrait, poudre, pâte — ainsi que d’autres ingrédients d’exception signés Eurovanille. Chaque recette met en valeur la qualité unique de nos produits, pensés pour les passionnés de cuisine comme pour les professionnels exigeants. Inspirez-vous et donnez à vos créations une touche authentique, naturelle… et résolument vanillée. Tarte Vanille et Praliné Amande à l’Huile d’Olive Recette Merveilleux pistache chocolat Flan à la Vanille Eurovanille Entremet Cookies, Tonka et Vanille Crème brulée Cheesecake aux Fruits Exotiques : Un Dessert Gourmand et Frais</p>

<!-- This site is optimized with the Yoast SEO plugin v27.4 - https://yoast.com/product/yoast-seo-wordpress/ -->
<title>Recettes Spéciales Eurovanille</title>
<meta name="description" content="Découvrez nos recettes exclusives Eurovanille : des créations gourmandes mettant en valeur la vanille sous toutes ses formes !" />
<meta name="robots" content="index, follow, max-snippet:-1, max-image-preview:large, max-video-preview:-1" />
<link rel="canonical" href="https://eurovanille.com/en/recettes-speciales-eurovanille/" />
<meta property="og:locale" content="en_GB" />
<meta property="og:type" content="article" />
<meta property="og:title" content="Recettes Spéciales Eurovanille" />
<meta property="og:description" content="Découvrez nos recettes exclusives Eurovanille : des créations gourmandes mettant en valeur la vanille sous toutes ses formes !" />
<meta property="og:url" content="https://eurovanille.com/en/recettes-speciales-eurovanille/" />
<meta property="og:site_name" content="Eurovanille" />
<meta property="article:modified_time" content="2026-01-20T08:48:48+00:00" />
<meta name="twitter:card" content="summary_large_image" />
<meta name="twitter:label1" content="Estimated reading time" />
	<meta name="twitter:data1" content="1 minute" />
<script type="application/ld+json" class="yoast-schema-graph">{"@context":"https:\/\/schema.org","@graph":[{"@type":"WebPage","@id":"https:\/\/eurovanille.com\/recettes-speciales-eurovanille\/","url":"https:\/\/eurovanille.com\/recettes-speciales-eurovanille\/","name":"Recettes Spéciales Eurovanille","isPartOf":{"@id":"https:\/\/www.eurovanille.com\/#website"},"datePublished":"2025-06-30T13:32:07+00:00","dateModified":"2026-01-20T08:48:48+00:00","description":"Découvrez nos recettes exclusives Eurovanille : des créations gourmandes mettant en valeur la vanille sous toutes ses formes !","breadcrumb":{"@id":"https:\/\/eurovanille.com\/recettes-speciales-eurovanille\/#breadcrumb"},"inLanguage":"en-GB","potentialAction":[{"@type":"ReadAction","target":["https:\/\/eurovanille.com\/recettes-speciales-eurovanille\/"]}]},{"@type":"BreadcrumbList","@id":"https:\/\/eurovanille.com\/recettes-speciales-eurovanille\/#breadcrumb","itemListElement":[{"@type":"ListItem","position":1,"name":"Accueil","item":"https:\/\/www.eurovanille.com\/"},{"@type":"ListItem","position":2,"name":"Page Nos Recettes Eurovanille"}]},{"@type":"WebSite","@id":"https:\/\/www.eurovanille.com\/#website","url":"https:\/\/www.eurovanille.com\/","name":"Eurovanille","description":"","publisher":{"@id":"https:\/\/www.eurovanille.com\/#organization"},"potentialAction":[{"@type":"SearchAction","target":{"@type":"EntryPoint","urlTemplate":"https:\/\/www.eurovanille.com\/?s={search_term_string}"},"query-input":{"@type":"PropertyValueSpecification","valueRequired":true,"valueName":"search_term_string"}}],"inLanguage":"en-GB"},{"@type":"Organization","@id":"https:\/\/www.eurovanille.com\/#organization","name":"Eurovanille","url":"https:\/\/www.eurovanille.com\/","logo":{"@type":"ImageObject","inLanguage":"en-GB","@id":"https:\/\/www.eurovanille.com\/#\/schema\/logo\/image\/","url":"\/wp-content\/uploads\/2025\/06\/cropped-logo.jpg","contentUrl":"\/wp-content\/uploads\/2025\/06\/cropped-logo.jpg","width":512,"height":512,"caption":"Eurovanille"},"image":{"@id":"https:\/\/www.eurovanille.com\/#\/schema\/logo\/image\/"}}]}</script>
<!-- / Yoast SEO plugin. -->

Recettes Spéciales Eurovanille

Découvrez nos recettes exclusives Eurovanille : des créations gourmandes mettant en valeur la vanille sous toutes ses formes !
